(m) = -22*m**2 + 4*m - 13*m**2 + m + 36*m**2. Calculate v(-6).
6
Let m(t) = -5*t - 6. Let c be m(-2). Let j(l) = -l + 6. Calculate j(c).
2
Let o(t) be the second derivative of -11*t**4/12 - t**3/6 + t + 15. Calculate o(-1).
-10
Suppose 0 = -4*w + 5*t + 37, -5*w = -2*w - t - 14. Let m(x) = 0*x**3 + x**2 - x**w + 0*x**2. Determine m(1).
0
Let u = -41 - -43. Let j(b) be the second derivative of 3/2*b**u - 2/3*b**3 - 1/12*b**4 + 0 + b. Give j(-5).
-2
Let a(y) = -24*y - 12. Let l(b) = -6*b - 3. Let n(h) = -4*a(h) + 15*l(h). Determine n(-2).
-9
Let b(j) = j**3 + j. Suppose 0 = 3*q - 3*p + 6 + 3, 3*p = -5*q + 17. What is b(q)?
2
Let b(a) = a + 4. Let w = 24 + -27. What is b(w)?
1
Let b(i) = 3*i**2 + 17*i. Let y(d) = 2*d**2 - 10*d + 36*d + 3*d**2. Let l(n) = -8*b(n) + 5*y(n). Calculate l(5).
-5
Let i(c) be the third derivative of c**4/12 - c**2. Let f = 22 + -18. Suppose -f*r + 6 = -2. What is i(r)?
4
Let u(g) be the second derivative of g**4/12 - g**3 + g. Give u(7).
7
Suppose -u - 2*u = 12. Let y(z) be the third derivative of -z**4/24 - z**3/3 - z**2. What is y(u)?
2
Let v(m) = 3*m - 2. Let h be -1 - -1 - (6 - 2). Determine v(h).
-14
Let d(x) = -2*x + 3. Suppose 4*w + 6 = -14. Determine d(w).
13
Let u(x) = -2*x + 5. Let i(h) = 5*h - 11. Let n(m) = -3*i(m) - 7*u(m). Calculate n(-3).
1
Let o(q) = q**3 - 2*q**2 - 2. Let b = -69 - -71. Determine o(b).
-2
Let u = -65 - -45. Let l be (-112)/u + 2/5. Let q(x) = x**3 - 7*x**2 + 7*x - 7. Give q(l).
-1
Let l(x) = x**2 + 4*x + 2. Let k(z) = z**3 + 7*z**2 + z + 5. Suppose -2*g + g - 7 = 5*p, 5*p = 5*g + 35. Let o be k(g). Give l(o).
-2
Let c(f) = f**2 - 6 + f + 2*f - 4*f - 3. Determine c(0).
-9
Let g(d) be the second derivative of d**3/3 - 3*d**2/2 + 18*d. Calculate g(4).
5
Suppose 3*b - 2 = b. Suppose -b - 3 = -2*f. Let p(x) = -x**f + 1 + 0*x**2 + 3*x**2. Determine p(-1).
3
Let g = -13 - -17. Let c(s) = 5*s - 4*s + 1 - 2 + g. Calculate c(-3).
0
Let z(u) = 23*u**2 + 2*u - 2. Let j be z(1). Suppose j = -5*b + m, -b - 3*m = b - 1. Let c(w) = w**3 + 4*w**2 + w - 1. Give c(b).
-5
Let b(a) = -3*a - 7. Let r(k) be the third derivative of -2*k**4/3 - 17*k**3/3 - 7*k**2. Let n(d) = -11*b(d) + 2*r(d). What is n(-6)?
3
Let c(l) = -l**2 - 1. Let h(y) = -y**3 - 2*y**2 + 2*y - 1. Let v(m) = -4*c(m) + h(m). Let d(u) = -u - 4. Let n = 4 + -11. Let p be d(n). Give v(p).
0
Let m(g) = g**2 + 4*g - 1. Let b(l) be the third derivative of 1/24*l**4 + 0 + 1/6*l**3 - 4*l**2 + 0*l. Let k(n) = -b(n) - m(n). Determine k(-5).
0
Let b be 1/(2 + (-10)/4). Let c(k) = -2*k + 37 + 3*k + k**3 + 4*k**2 - 37. Give c(b).
6
Let q(j) = -2*j - 3. Let z be q(-3). Let u(d) = -4*d**3 + 9*d**2 + 2*d. Let t(c) = -3*c**3 + 8*c**2 + c. Let v(i) = z*t(i) - 2*u(i). Determine v(6).
-6
Let r(m) = -m - 1. Suppose -5*h = -2*v + 16, 0 = -v + 3*h + 12 - 2. Determine r(v).
1
Let x be (-212)/(-44) - (-4)/22. Let d(h) = h**2 - 2*h - 7. What is d(x)?
8
Let w(x) = x**3 - 5*x**2 - 4*x + 1. Let d be (20/50)/((-2)/(-30)). What is w(d)?
13
Suppose 1 + 5 = 2*w. Let d(x) = 39*x + 39*x + 4 - 76*x. What is d(w)?
10
Let n = -4 + 7. Let v be 5/(-15) - 8/n. Let h(l) = -4*l - 1. Let g(a) = -21*a - 4. Let w(x) = -2*g(x) + 11*h(x). Calculate w(v).
3
Let k(m) = 4 + 1 + 2*m**2 - 4 - 4*m + m**3. Let x(z) = z. Let t(d) = k(d) + 2*x(d). Give t(-3).
-2
Let y = -1 - -6. Let j = 7 - y. Let a(i) = -3 + j - i**2 - i**3 + 4. Determine a(0).
3
Let y be 1/(-2) + 35/(-10). Let c(v) = v**2 + 6*v + 4. Determine c(y).
-4
Let u = 7 + -5. Suppose v = 2 + 6. Let s(y) = 1 + v*y - u*y - y + 3*y. Give s(-1).
-7
Let k(b) be the second derivative of -b**3/3 + b**2/2 + 2*b. Calculate k(-2).
5
Let c = -6 + -6. Let q be (c/10)/((-1)/10). Suppose 5*j - 8 = q. Let u(z) = -z**2 + 5*z + 2. Calculate u(j).
6
Let h(q) = q**3 + 4*q**2 - 2*q - 3. Suppose 5*j + 13 = -3*d - 0*j, -5*d + 2*j - 63 = 0. Let i = 7 + d. What is h(i)?
5
Let g(q) = q**3 + q**2 - q + 1. Let b(p) = -4*p**3 - 6*p**2 + 3*p - 6. Let t(n) = b(n) + 5*g(n). Calculate t(2).
-1
Let q(r) = -r**2 - 2*r + 5. Let y = -3 - -6. Suppose 4*l + 5*c = 2 - 13, -l + y*c = 7. Determine q(l).
-3
Let b(z) = z**3 + 7*z**2 + 3*z + 8. Let g(c) = 3*c**3 + 22*c**2 + 8*c + 25. Let k(a) = -7*b(a) + 2*g(a). What is k(-4)?
-2
Let s(h) = h**2 - 11*h + 18. Let j be s(8). Let k(z) = z - 4. What is k(j)?
-10
Let b(i) be the first derivative of -2*i - 2 - 1/3*i**3 + 5/2*i**2. Calculate b(4).
2
Let z(d) = -2*d - 2. Let h be z(-3). Let c = h + -1. Let p(n) = 2*n + 3. What is p(c)?
9
Let q = -17 - -11. Let m(h) = -h**2 - 5*h + 5. Calculate m(q).
-1
Let g(s) = s**2 + 6*s + 1. Let f be g(-6). Let v be 1*1*(-3 + f). Let q(r) = -8*r - 1. What is q(v)?
15
Let q(y) = 4*y**2 - 4*y + 13. Let m(o) = o**2 - o + 1. Let r(l) = 5*m(l) - q(l). Suppose -2*j + 4*j + 6 = 0. Let u be (0/(-3))/(j - -2). Give r(u).
-8
Let m(w) = 8*w**2 - 9*w + 15. Let y(c) = 3*c**2 - 3*c + 5. Let b(l) = -4*m(l) + 11*y(l). Suppose 7 = 3*t + 25. Determine b(t).
13
Let z(i) = -3*i - 3. Let h(t) = -4*t - 4. Let l(f) = -2*h(f) + 3*z(f). Let k be l(-6). Let r(n) = -n**2 + 6*n - 5. Calculate r(k).
0
Suppose -3*w + 2*w = -4. Let v(q) be the third derivative of -6*q**2 - 1/24*q**4 + 0 + 0*q + 5/6*q**3. Give v(w).
1
Let y = 51 + -56. Let v(s) = s**2 + 4*s + 5. Give v(y).
10
Let u = 7 + -1. Suppose i + u = 4*i. Let w(v) = -2*v**2 + 3*v - 2*v**2 + 0 + 2*v**3 - 2. Calculate w(i).
4
Let m(g) = -1 - 2*g**2 - 1 + g**3 + 1. Let u be ((-4)/(-10))/((-4)/20). Let r be u/(1*1/(-1)). Determine m(r).
-1
Let a(c) be the second derivative of -c**4/12 + c**3/6 - c**2/2 + 8*c. Determine a(3).
-7
Let b(h) = 5*h**2 - 4*h. Let k(m) = -14*m**2 + 12*m. Let d(o) = -17*b(o) - 6*k(o). Give d(-4).
0
Suppose 3*c - 5*w - 5 - 9 = 0, -3*c + 3*w = -12. Let j(a) = 2 - a + c + 2*a. What is j(-4)?
1
Let d be -2*3/18*21. Let u = -4 - d. Let b(x) = -2*x**2 - 2*x**3 - u*x**3 + 3 + 5*x + 4*x**3. What is b(-3)?
-3
Suppose -10 = -5*r + 5. Let m(w) = -w - 1 + 4*w + w**3 - r*w**3. Let q be (2 + (-1 - -1))/1. What is m(q)?
-11
Let u(p) be the first derivative of 7*p**4/24 - 7*p**2/2 + 8. Let g(d) be the second derivative of u(d). Give g(-1).
-7
Let b(l) = -l**2 + 6*l + 2. Suppose -6*x + 2*x + 28 = 0. What is b(x)?
-5
Let d(g) = 3*g + 5 + 3*g - 5*g. Determine d(-4).
1
Let o(r) = 4*r**3 + 3*r**2 - r + 9. Let k(t) = t**3 + t**2 - t + 1. Let g(n) = 6*k(n) - o(n). Calculate g(-3).
-15
Let t be 2 + (2 - (0 - -2)). Let v be 4/((-12)/9) + t. Let h = 3 + v. Let y(x) = -x**3 + 2*x**2 + 3*x - 3. Calculate y(h).
3
Let v(z) be the second derivative of -1/120*z**5 + 3*z - 1/3*z**4 - 1/180*z**6 + 0*z**2 + 0 + 0*z**3. Let f(u) be the third derivative of v(u). Determine f(1).
-5
Suppose 5*c - 15 = -0. Let b(u) = 3*u**c - u - u - 2*u**3 - u**2. Let v(j) = -j + 5. Let f be v(3). What is b(f)?
0
Let z(y) = 3*y + 3. Let u be 5 - (2 - (-2)/(-2)). Suppose 0 = u*a + 4, 6*c + a + 13 = 3*c. What is z(c)?
-9
Let z = 3 + 9. Suppose -u + z = -4*u. Let p(v) = -4*v**3 - 3*v**2 + 2*v + 1. Let y(b) = -5*b**3 - 4*b**2 + 3*b + 2. Let x(s) = u*p(s) + 3*y(s). Give x(-2).
-8
Let o be ((-2)/(-4))/(4/16). Let u(m) = 4*m - 7*m**2 - 2*m - 1 + 4*m**o + m**3. What is u(3)?
5
Let m(i) = 2*i. Let w be m(1). Let j = w - 0. Let x(h) = j*h + 5*h + h. Give x(1).
8
Let c(y) be the second derivative of y**4/12 + 4*y**3/3 + 2*y**2 + 4*y. Let z be c(-7). Let k(v) = -v**3 - 2*v**2 + 3*v + 4. Calculate k(z).
4
Let p(n) = 14*n - 40. Let b(m) = 5*m - 13. Let j(d) = 17*b(d) - 6*p(d). Let g be j(-13). Let f(s) = -s**3 + 7*s**2 - 8*s + 8. What is f(g)?
-4
Let i = -1 - 0. Let a(p) = 2*p**2 + 3*p - 2. Let z(j) = -1. Let w(f) = i*a(f) + 4*z(f). Let t be 1/4 - (-36)/(-16). Give w(t).
-4
Let f(b) = 6*b - 1. Let c(q) = -q**2 + q. Let p(s) = 5*c(s) - f(s). Determine p(-2).
-17
Let n = 7 - 13. Let d(f) = -3*f**2 - 8*f - 9. Let q(c) = -7*c**2 - 16*c - 19. Let k(x) = -5*d(x) + 2*q(x). Give k(n).
-5
Let v(d) = d - 5. Let m be ((-9)/18)/(2/(-4)). Let a be m - 1 - (3 - 9). What is v(a)?
1
Let x(c) be the third derivative of -c**6/120 - c**5/15 + c**3/2 - 14*c**2. Give x(-4).
3
Let v = 10 + -14. Let w(a) = a**2 - a**3 - 2*a**2 + 4 - 3*a**2 + 2*a. Calculate w(v).
-4
Let b be (-27)/(-6)*8/6. Let m = b - 12. Let k(t) = t + 14. Give k(m).
8
Let p(k) = k**3 - 5*k**2 + 4*k + 1. Let o = 21 - 18. What is p(o)?
-5
Let f(o) = 3 - 6*o - 4*o + 10*o + o. 